be 1*(2 - 1) - (-37 + 34). Let c(y) = -y**3 + 3*y**2 + 7*y - 13. What is c(w)?
-1
Let h(b) = 3*b + 4. Suppose 0 = 5*z - 3*n + 8*n - 115, -3*z + 3*n = -45. Suppose -4*x + 5*x = z. Let c = 22 - x. Calculate h(c).
13
Let p(k) = 7*k**2 - 2*k - 4. Let x(f) = -6*f + 1 - 7*f + 14*f. Let g(y) = -p(y) - 4*x(y). What is g(-2)?
-24
Suppose 2*s + 9 = -b - 7, -4*b - 2*s = 58. Let l = -13 - b. Let c(t) = t**2 - t - 1. Let k(q) = -4*q**2 + 8*q - 1. Let d(w) = l*k(w) + 3*c(w). Give d(5).
-4
Let g(r) = -29*r**2 - 3*r + 2. Let d(a) = -35*a**2 - 3*a + 3. Let y(f) = -5*d(f) + 6*g(f). Calculate y(-5).
37
Let l(p) = -2*p + 6. Suppose 2*d + 27 = 5*z + 72, d = 3*z + 25. Give l(d).
-14
Let m(w) = w**2 - 2*w - 9. Let v = -247 + 255. Calculate m(v).
39
Suppose 2*s = 4*h - 44, -s - 3*h + h = 10. Let n(k) = k**3 + 15*k**2 - 18*k - 26. Let g be n(s). Let f(r) = r**3 - 7*r**2 + 8*r - 3. Give f(g).
9
Let a(g) be the third derivative of g**5/60 + g**4/2 + 5*g**3/3 + 9*g**2. Determine a(-10).
-10
Suppose -19*i + 75 = 37. Let n(v) be the first derivative of -v**4 + 4*v**3/3 - 3*v**2/2 + v - 1. Give n(i).
-21
Let r be 2/14 - (-406)/(-98). Let d(u) = -u**2 - 5*u - 13. Calculate d(r).
-9
Let k(g) be the second derivative of -g**3/6 - 60*g. Determine k(-9).
9
Let k(m) = -14*m - 24*m + 4*m**2 + 3 + 6 - 6*m. Let f be k(11). Let q(a) = a**2 - 8*a - 13. Give q(f).
-4
Let j(q) be the first derivative of -q**3/3 - q**2/2 + 4*q - 119. Give j(-5).
-16
Let c(u) = -2*u**3 + u**2 + 2*u + 2. Let b be ((-4)/5)/(18/(-45)). Let m be c(b). Let r(f) = f**3 + 5*f**2 - 9*f - 8. Give r(m).
10
Let v = -841 - -854. Let q(n) = n**3 - 12*n**2 - 14*n + 7. What is q(v)?
-6
Suppose 2*y - 3 = 5*y. Let h(g) = 30*g**2 + 1 - 28*g**2 + 0. Determine h(y).
3
Let w(g) = -g - 1. Let c(s) = 3*s + 3. Suppose -n + 2*n + 11 = 0. Let v(x) = n*w(x) - 4*c(x). Suppose 5*u + 23 + 7 = 0. Give v(u).
5
Let z(v) = v + 16. Let l = 6 - 20. Let q be z(l). Let n(r) = -r**3 + 5*r**2 - 4*r + 2. What is n(q)?
6
Let f(y) = -20 - 5*y - 4*y + 20*y - 12*y. Determine f(-9).
-11
Let o = -7 + 10. Let z be (2/(-1)*-1)/1. Let y(k) = -4*k + 3 - 4 + 0*k**2 - k**z + 2*k**2. Determine y(o).
-4
Suppose -5 = 8*j + 19. Let n(y) = 9*y - 1. What is n(j)?
-28
Let r(b) = b**3 + 3*b**2 - 4*b + 1. Let z be r(-4). Let f(h) = 9 - z + h + 3. Let x = -110 + 104. Give f(x).
5
Let v be 4*10/(-70)*(-21)/6. Let d(m) be the second derivative of 15*m + 4*m**v + 0 + 1/3*m**3. Determine d(-7).
-6
Let v(w) = -2*w - 6. Suppose 4*s - 3*h = -60, -4*s + 4*h = 39 + 21. Let c = s + 11. What is v(c)?
2
Let h be 21/54*3 + 25/(-150). Let o(g) = -g**3 - g**2 - 1. Let m(x) = -5*x**3 - 5*x**2 - 4. Let t(c) = m(c) - 4*o(c). Calculate t(h).
-2
Suppose -5*h = 5*j - 2*h + 32, 3*h = -j - 4. Let g(b) = -b**3 - 8*b**2 - 5*b - 2. Determine g(j).
-16
Suppose 0*w + w = 0. Let s = 29 - 37. Let c(a) = 7*a**2 - 3*a - 16. Let o(f) = -11*f**2 + 5*f + 24. Let i(p) = s*c(p) - 5*o(p). What is i(w)?
8
Let r be (-17)/34*(-1)/1*26. Suppose -j = 3*d - 6*j + 31, 0 = d + 3*j - r. Let x(n) = -2*n**3 - 4*n**2 - n + 2. Determine x(d).
4
Let n(a) = a**3 - 16*a**2 + 29*a - 14. Let x be n(14). Suppose 7 + 2 = 3*g. Suppose -f + x + g = 0. Let o(k) = -k - 1. What is o(f)?
-4
Suppose 5*h = 8 - 3. Suppose -3*r = 5*f - 19 - h, 0 = -4*f + 4. Let q(c) = c**3 - 5*c**2 + 4. Calculate q(r).
4
Let o(z) = -z + 12. Let i be o(6). Let p(j) = -4*j**3 - 6*j**3 - 1 + 0 + i*j**3. Give p(-1).
3
Let w(m) be the second derivative of -m**4/12 - 4*m**3/3 + 3*m**2/2 - 2*m + 14. Determine w(-7).
10
Suppose 4*d - 8 + 32 = 0. Let f(n) = -5*n - n**2 + 0 + 1 + 2. Calculate f(d).
-3
Let x(l) = 9*l**3 + 0*l - l**3 - l**2 - l. Suppose 2*j = 5*a + 713, -7*a = -5*a - j + 286. Let v = 140 + a. Calculate x(v).
-8
Let h(r) = -r**2 + 2*r + 2. Suppose 2*t = 5*t + 39. Let z = -10 - t. Suppose -z = -0*q - q. What is h(q)?
-1
Let t(s) = s**3 - 33*s - 36*s - 3*s**2 + 1 + 71*s. What is t(3)?
7
Let x(h) be the first derivative of h**3/3 - 3*h**2/2 - 10*h - 24. Calculate x(-3).
8
Let w(q) be the third derivative of q**4/4 + 7*q**3/6 + 61*q**2. Determine w(5).
37
Let i = -47 - -54. Let c(o) = -1 + 13 - 6*o + o**2 - 13. Give c(i).
6
Let c(i) = -15*i + 11. Let l(y) = -2*y**2 - 6*y. Let b be l(-4). Let k = b + 5. Let m(a) = 5*a - 4. Let j(p) = k*c(p) - 8*m(p). Give j(1).
4
Let c(d) = 2*d**2 - 3*d + 2. Suppose -3*j - 4 = j, j = -2*o + 7. Give c(o).
22
Let s(k) be the third derivative of k**6/720 - k**5/60 + k**4/8 + 8*k**2. Let z(d) be the second derivative of s(d). Suppose j + 0 = -5. What is z(j)?
-7
Let f(l) = -6*l**3 + 4*l**2 - 2*l - 4. Let q(d) = 5*d**3 - 4*d**2 + 2*d + 2. Let z(s) = -4*f(s) - 5*q(s). Determine z(4).
-2
Let g(c) = -c + 4. Let d(n) = n**3 - 8*n**2 + 7*n - 5. Let a be d(6). Let b = 43 + a. Suppose 0 = i - 5*x - 28, 3*i = 5*x + b + 36. Give g(i).
-4
Let m(o) = -o**2 + 7*o - 8. Let b be 9/3*6/(-9). Let x be 48/28*-7*(4 - 8). Let p be ((-1)/(4/x))/b. Calculate m(p).
-2
Suppose 0 = -9*q + 1267 - 313. Suppose q*y - 110*y + 24 = 0. Let t(o) = -o**3 + 6*o**2 + 2*o - 6. Give t(y).
6
Suppose 9*w - 8*w = 76. Let v = w + -78. Let u(d) = 3*d - 1. What is u(v)?
-7
Let g = 8 - 7. Let n(u) = -g + u + 4 - 2. Let v be n(-4). Let t(k) = k**3 + 3*k**2 + k - 3. Calculate t(v).
-6
Let r(m) be the second derivative of 19/2*m**2 - 2*m + 1/12*m**4 + 0 + 5/2*m**3. Let x be r(-13). Let s(a) = -a**2 - 6*a - 1. Give s(x).
-8
Suppose -4*f - 2*j + 10 = 0, 6 = 3*f + j - 2. Let b(v) be the second derivative of -v**5/20 + 5*v**4/12 - 5*v**3/6 + v**2 - 312*v. What is b(f)?
5
Let d(o) be the first derivative of 0*o - 26 + 1/2*o**2 - 1/3*o**3. Calculate d(4).
-12
Let u(t) = 6*t + 0*t + t - 1. Let a = -1001 + 1002. Determine u(a).
6
Let q(d) = 3*d - 21. Let p(l) = -16*l + 110. Let g(r) = 2*p(r) + 11*q(r). Calculate g(10).
-1
Let b = 7 + -5. Let u(r) = 0*r**2 + 2*r**b + r**3 + r**2 + r. Determine u(-1).
1
Let f(j) = -j + 6. Let h(q) = 6*q - 2. Let z be h(-6). Let p be z/(-8) + 2*1/8. What is f(p)?
1
Let t(j) be the third derivative of -j**4/24 + 2*j**3/3 - 104*j**2. Determine t(3).
1
Let z(q) be the first derivative of -3*q**2/2 + 2*q - 16. Calculate z(3).
-7
Let d(s) = -8*s**3 - s**2 - s. Let b(r) = 3*r**2 + 6*r + 4. Let x be b(-3). Let p = x - 14. Determine d(p).
8
Let z(x) be the second derivative of -4*x - x**2 + 2/3*x**3 + 0 + 1/3*x**4 - 1/20*x**5. Let l(u) = -u**2 + 3*u + 4. Let s be l(3). Give z(s).
14
Let o be 5 + (-2 - (3 - 2)). Let f be ((-1)/1)/((-1)/3). Suppose -o*y + f = 5. Let c(d) = -2*d. What is c(y)?
2
Let x(m) = 5*m**3 + 6*m**2 - m + 13. Let a(u) = -9*u**3 - 9*u**2 + 2*u - 26. Let y(l) = -4*a(l) - 7*x(l). Calculate y(6).
7
Let w(m) be the third derivative of -m**8/6720 + m**7/360 - m**6/720 - m**5/30 - m**4/6 + m**2. Let p(c) be the second derivative of w(c). Calculate p(7).
-11
Let k = -1 - -6. Suppose 5*l + 3*h = 31, 2*h - 28 = -k*l - 2*h. Suppose l*q = 7*q - 3. Let d(c) = c + 4. Determine d(q).
1
Let q(w) = -2 + 451*w**2 + 0*w**3 + 13*w + w**3 - 229*w**2 - 233*w**2. Give q(10).
28
Suppose 15*v = -5*k + 10*v - 25, -3*v = 12. Let d(c) = -34*c**3 - 2*c**2 + 1. Calculate d(k).
33
Let p(x) be the second derivative of -x**4/12 + 7*x**3/6 - x**2/2 + 4*x. What is p(7)?
-1
Let m(x) = -15*x + 3. Let b(z) = -7*z + 2. Let l(c) = 5*b(c) - 2*m(c). Calculate l(3).
-11
Let w(f) be the second derivative of -f**4/12 + 5*f**3/6 + 2*f**2 + f. Let m(s) = 3*s**2 + 2*s - 3. Let t be m(3). Suppose -4*l - l = -t. Calculate w(l).
-2
Suppose -5*m = 4*r - 40, -5*r = 3*m - 6*m - 13. Let v be m + -4 + 1 - -3. Let n(w) = 2*w**2 - 4*w - 4. Calculate n(v).
12
Let k(w) = 2 - 1 + 7*w + 2*w**2 - w**2. Suppose a - 6 = -2. Suppose -a*g - 22 - 2 = 0. Give k(g).
-5
Let a(c) = -c - 7. Let v(z) = 3*z + 19. Let n(k) = -8*a(k) - 3*v(k). Calculate n(-6).
5
Suppose 4*y + 2*t + 67 = t, -115 = 5*y - 5*t. Let x = 24 + y. Let b(a) = -4*a**2 - x + 11 - 3 + a. Give b(2).
-12
Let x(w) = -2*w**2 + 14*w + 1. Let g be x(7). Let v(b) = g - 157*b + 74*b + 79*b - b**2 - 5. What is v(-3)?
-1
Suppose 4*g + 6 = d, -3*d - 3*g = -4*g + 15. Let p be (-20)/d - (-2)/(-6). Let x(t) = 4*t**3 - t**2 + p - 12*t**3 + 9*t**3. Determine x(0).
3
Let s(y) = y**3 - 2*y**2 - 3*y + 4. Let z be s(3). Let m(j) = -2 + 3*j - 1 + j**3 + 1 - z*j**2. Let a(q) = -q**3 - 7*q**2 + 3. Let r be a(-7). Calculate m(r).
-2
Let a(d) be the first d